hen 120123109 is divided by 82?
79
Calculate the remainder when 39437679 is divided by 712.
711
What is the remainder when 37857 is divided by 2367?
2352
What is the remainder when 484733 is divided by 111?
107
Calculate the remainder when 653766 is divided by 3424.
3206
Calculate the remainder when 1314709 is divided by 1469.
1423
What is the remainder when 3746968 is divided by 99?
16
Calculate the remainder when 4283744 is divided by 14426.
13648
Calculate the remainder when 362474 is divided by 362463.
11
What is the remainder when 998201 is divided by 23205?
386
What is the remainder when 6547 is divided by 803?
123
What is the remainder when 105941 is divided by 358?
331
What is the remainder when 190047759 is divided by 170?
169
Calculate the remainder when 47376576 is divided by 13338.
0
What is the remainder when 19747 is divided by 17859?
1888
Calculate the remainder when 227028 is divided by 113469.
90
What is the remainder when 116636 is divided by 90?
86
Calculate the remainder when 525811 is divided by 3529.
3519
What is the remainder when 1655696 is divided by 413905?
76
Calculate the remainder when 492694 is divided by 1563.
349
Calculate the remainder when 249625 is divided by 680.
65
Calculate the remainder when 3486039 is divided by 36693.
204
Calculate the remainder when 1906181 is divided by 127078.
11
Calculate the remainder when 21051331 is divided by 14.
7
What is the remainder when 63199437 is divided by 460?
37
Calculate the remainder when 104844 is divided by 3867.
435
What is the remainder when 205908372 is divided by 200?
172
Calculate the remainder when 353811 is divided by 68130.
13161
Calculate the remainder when 18026394 is divided by 379.
17
What is the remainder when 1625727 is divided by 188?
91
What is the remainder when 199461 is divided by 108?
93
Calculate the remainder when 136538 is divided by 19311.
1361
What is the remainder when 33601744 is divided by 535?
534
Calculate the remainder when 59638598 is divided by 121.
118
What is the remainder when 9188 is divided by 1862?
1740
What is the remainder when 53648283 is divided by 57?
54
Calculate the remainder when 2190891 is divided by 729030.
3801
What is the remainder when 50801 is divided by 49529?
1272
What is the remainder when 267506 is divided by 3523?
3281
What is the remainder when 12476 is divided by 545?
486
Calculate the remainder when 1055089 is divided by 150722.
35
What is the remainder when 1361024 is divided by 575?
574
What is the remainder when 2161 is divided by 150?
61
Calculate the remainder when 190354 is divided by 2449.
1781
Calculate the remainder when 1862033730 is divided by 1671.
1668
Calculate the remainder when 48111 is divided by 9616.
31
What is the remainder when 1440673 is divided by 480222?
7
What is the remainder when 87781611 is divided by 399?
15
What is the remainder when 5400 is divided by 4?
0
Calculate the remainder when 1179030 is divided by 54.
48
Calculate the remainder when 1894192 is divided by 1650.
1642
Calculate the remainder when 138081 is divided by 45909.
354
Calculate the remainder when 6879382 is divided by 573281.
10
Calculate the remainder when 194480 is divided by 63.
62
What is the remainder when 109980 is divided by 1241?
772
What is the remainder when 406399 is divided by 713?
702
Calculate the remainder when 318271 is divided by 3031.
16
Calculate the remainder when 765404 is divided by 28291.
1547
Calculate the remainder when 15250 is divided by 144.
130
What is the remainder when 98332 is divided by 10858?
610
What is the remainder when 6343792 is divided by 45?
7
What is the remainder when 13263 is divided by 2173?
225
Calculate the remainder when 41195 is divided by 41084.
111
Calculate the remainder when 455744 is divided by 2620.
2484
What is the remainder when 536411999 is divided by 200?
199
Calculate the remainder when 134002 is divided by 3641.
2926
What is the remainder when 300422 is divided by 209?
89
Calculate the remainder when 674936 is divided by 14670.
116
What is the remainder when 249671 is divided by 54?
29
Calculate the remainder when 50018841 is divided by 129.
123
Calculate the remainder when 140314425 is divided by 3708.
3705
What is the remainder when 70584 is divided by 330?
294
Calculate the remainder when 4797305 is divided by 865.
15
What is the remainder when 534023 is divided by 533998?
25
Calculate the remainder when 62624075 is divided by 122.
11
What is the remainder when 62666 is divided by 30553?
1560
Calculate the remainder when 651387 is divided by 7237.
57
Calculate the remainder when 3658926 is divided by 3658878.
48
Calculate the remainder when 483841 is divided by 105.
1
What is the remainder when 78286683 is divided by 4858?
13
What is the remainder when 36718 is divided by 148?
14
What is the remainder when 805930 is divided by 805854?
76
What is the remainder when 1220 is divided by 306?
302
Calculate the remainder when 355373 is divided by 73.
9
Calculate the remainder when 1981176 is divided by 990425.
326
What is the remainder when 1409215 is divided by 989?
879
What is the remainder when 1688599 is divided by 4515?
4504
Calculate the remainder when 3286032 is divided by 298699.
343
What is the remainder when 109566166 is divided by 79511?
8
What is the remainder when 52507115 is divided by 5284?
7
What is the remainder when 966592 is divided by 2797?
1627
Calculate the remainder when 779679 is divided by 28876.
27
Calculate the remainder when 860375 is divided by 860348.
27
What is the remainder when 153965633 is divided by 33?
8
What is the remainder when 34889 is divided by 543?
137
Calculate the remainder when 147871090 is divided by 14.
10
What is the remainder when 6113045 is divided by 946?
939
Calculate the remainder when 12300 is divided by 682.
24
Calculate the remainder when 655425 is divided by 216058.
7251
Calculate the remainder when 335141 is divided by 55779.
467
What is the remainder when 1620652 is divided by 15006?
4
What is the remainder when 34725567 is divided by 15770?
27
What is the remainder when 8770242 is divided by 2192535?
102
What is the remainder when 81025811 is divided by 1764?
1763
Calculate the remainder when 53454014 is divided by 2464.
2462
What is the remainder when 2883123 is divided by 262101?
12
What is the remainder when 5548057 is divided by 1234?
1227
What is the remainder when 4426318 is divided by 547?
541
Calculate the remainder when 940380 is divided by 20.
0
What is the remainder when 3478784 is divided by 3025?
34
Calculate the remainder when 34070 is divided by 11291.
197
What is the remainder when 2568277 is divided by 374?
19
What is the remainder when 106057 is divided by 248?
161
What is the remainder when 39670 is divided by 4945?
110
What is the remainder when 694453 is divided by 742?
683
What is the remainder when 5885541 is divided by 646?
481
What is the remainder when 689388 is divided by 137865?
63
Calculate the remainder when 6520929 is divided by 324.
105
Calculate the remainder when 22873033 is divided by 675.
658
What is the remainder when 2845743 is divided by 355702?
127
Calculate the remainder when 240612215 is divided by 49.
18
Calculate the remainder when 93572 is divided by 2175.
47
What is the remainder when 29330506 is divided by 5866099?
11
What is the remainder when 853112 is divided by 376?
344
What is the remainder when 613922 is divided by 163?
64
Calculate the remainder when 893 is divided by 241.
170
Calculate the remainder when 22426145 is divided by 54966.
17
Calculate the remainder when 4086784 is divided by 11.
9
What is the remainder when 327350 is divided by 160767?
5816
What is the remainder when 680923 is divided by 340420?
83
Calculate the remainder when 98963461 is divided by 1111.
25
Calculate the remainder when 20223 is divided by 4965.
363
What is the remainder when 49213948 is divided by 19?
15
Calculate the remainder when 42640 is divided by 2651.
224
What is the remainder when 1619561 is divided by 57839?
69
Calculate the remainder when 27967335 is divided by 42.
39
Calculate the remainder when 149712 is divided by 792.
24
Calculate the remainder when 184684572 is divided by 26.
20
What is the remainder when 82646 is divided by 2061?
206
What